 147 = x + 13*a. Calculate the highest common divisor of 1472 and x.
46
Suppose 112 = 4*n + n - 3*g, 0 = -5*n + 5*g + 110. Suppose 202*j = 191*j + 7843. What is the greatest common factor of n and j?
23
Suppose 122 - 14 = 4*l + h, -4*l + 120 = 4*h. Calculate the highest common divisor of 2522 and l.
26
Let o(p) = -p**3 - 4*p**2 + 8*p - 22. Let j be o(-7). What is the greatest common factor of j and 943?
23
Suppose 4*q + 2 = 18. Suppose 8*l = q*l + 68. Calculate the highest common divisor of 119 and l.
17
Let z = 36621 + -35841. Calculate the highest common factor of z and 17420.
260
Let y(x) = -91*x + 7147. Let k be y(72). What is the highest common divisor of 323 and k?
17
Suppose 9*k - 413 = 2*k. Suppose -4*p = -4*v + 68, -2*v - v - p = -k. What is the greatest common factor of 19 and v?
19
Let r(j) = 106*j**3 - j**2 - 2*j. Let n be r(2). Suppose -2*d + 6*d + 5*t = 635, 5*d = 3*t + n. What is the greatest common factor of d and 33?
33
Let o = -1825 - -1869. Calculate the highest common divisor of 1694 and o.
22
Let x = -819 + 1556. Suppose p - x = -n + 3*n, 5*n = -20. Calculate the greatest common divisor of p and 27.
27
Let h(d) = 24*d**2 + 10*d + 7. Let n be 1 + -3*(-8)/(-12). Let k be h(n). Calculate the highest common factor of k and 14.
7
Let a(i) = 116*i - 6. Suppose 0 = -4*s + 2*v + 142, v = -5*s - 2*v + 205. Let k = s + -37. Let m be a(k). What is the greatest common factor of 10 and m?
10
Let m(s) = s**3 + 7*s**2 + s. Let z be m(-6). Let y = 35 - z. Suppose 26 = 2*i - 14. What is the greatest common divisor of y and i?
5
Let r = 514 + -870. Let v = 455 + r. Suppose 5*t = 2*t + 33. What is the highest common factor of t and v?
11
Let r = 12179 - 9272. Calculate the highest common divisor of r and 1071.
153
Let y(m) = 6*m**2 - 4*m - 2. Let q be y(-3). Let l = 48994 + -48978. Calculate the greatest common factor of l and q.
16
Let b = 21 - 13. Suppose -5*m + 19 = -p + 1, -14 = -4*m + p. Suppose 25 = m*n + s - 75, 5*n - s = 116. What is the highest common divisor of n and b?
8
Suppose 5*j - 4*t = 24641, 29 - 33 = -4*t. Calculate the greatest common divisor of 1431 and j.
159
Suppose -155*c + 126*c + 146624 = 0. What is the greatest common factor of 79 and c?
79
Let l = 8907 + -6382. What is the highest common divisor of 75 and l?
25
Suppose 0*p = 5*p - 385. Suppose -p*o = -64*o - 130. Calculate the greatest common factor of o and 180.
10
Let p = 12288 + -12283. What is the greatest common factor of 4235 and p?
5
Suppose -2*k + 266 = 2*l, k - 4*l = -8*l + 133. Let u be -29 - (-1 - (-1 - -1)). Let m = k + u. Calculate the highest common factor of m and 35.
35
Suppose 12472 - 2744 = 16*b. What is the greatest common divisor of b and 512?
32
Let n(x) = -6*x**3 - 7*x**2 + 2*x + 3. Let p be n(-5). Suppose -27*z + 32*z - 305 = -5*v, -z - 436 = -6*v. What is the highest common factor of v and p?
71
Suppose 3*r = -4*c - 214, 0*r + 3*r + 2*c + 206 = 0. Let w = r - -83. Calculate the greatest common factor of 221 and w.
17
Suppose -3*y + 6159 = -3*d, -3*y = 63*d - 61*d - 6169. What is the highest common divisor of y and 105?
15
Let u = 153 - 153. Suppose u = -10*t + 7254 + 1076. Calculate the highest common divisor of t and 17.
17
Let f be (-141 + 15)/(((-160)/(-954))/(-10))*4. What is the greatest common factor of 126 and f?
63
Let v be (-66)/12 + 290/(-116) + 43. Suppose -25 - 145 = -5*d. Suppose -3*q + d = -11. Calculate the highest common divisor of v and q.
5
Let t(q) = -86*q + 66. Let o be t(-2). Let r = 254 - o. What is the highest common factor of r and 400?
16
Suppose 3*u = -5*o + 209, -9 = -5*o + 5*u + 176. Suppose -23 = -3*y + 2*p, 0*p = 4*y - 5*p - o. What is the greatest common factor of 3 and y?
1
Let w(s) = -62*s + 605. Let p be w(-5). What is the highest common divisor of p and 3843?
183
Suppose -s + 348 = 2*o, -s + 4*o = 2*o - 356. What is the highest common factor of s and 288?
32
Suppose 0 = 5*a + y + 592, 2*a + 0*y = -y - 238. Let i = a - -136. What is the greatest common factor of i and 63?
9
Let y(c) = -10*c + 138. Let f be y(12). Calculate the greatest common divisor of f and 56.
2
Suppose h = 2*l - 712, 10*h = 2*l + 8*h - 714. Suppose -o - 260 = -l. What is the greatest common divisor of o and 171?
19
Let u(w) = 2120*w - 2298. Let p be u(2). Calculate the greatest common divisor of p and 2.
2
Let y be (-2)/(-4) - (-3 + (-8)/16). Suppose y*j = j + 42. Let d = j + 0. What is the greatest common divisor of 14 and d?
14
Let r(n) be the second derivative of -n**4/12 + 11*n**3/6 - 3*n**2 + 15*n. Let p be r(5). Let x = p + -23. What is the highest common divisor of 9 and x?
1
Let k be -6*(17/(-34) - 134/(-12)). Let q be (k/(-18)*-3)/(4/(-6)). Calculate the highest common divisor of 168 and q.
8
Let t be (1/(-11) - (-960)/33) + -4. What is the greatest common factor of 125 and t?
25
Let x(v) = -11*v**2 - 94*v + 62. Let u be x(-8). Let o be 2*(-2)/((-2)/1). What is the greatest common divisor of o and u?
2
Let v = -1368 - -1648. Calculate the greatest common factor of 240 and v.
40
Let u be -4 + (4338 - (-17 + 31)). Calculate the highest common divisor of u and 15.
15
Let v(t) = -8*t - 79. Let z be v(-15). Suppose 6*g + 487 = 9*g + w, 5*w - 631 = -4*g. What is the highest common divisor of g and z?
41
Let l = -239 - -349. Suppose 5*u + 2*j - 334 = 0, -3*j + 4*j = 2. What is the greatest common divisor of u and l?
22
Suppose 5*s - 4*s = 3*a + 60, 5*a - 325 = -4*s. Suppose -5*c + s = -15. What is the highest common divisor of c and 2?
2
Let k = 303 + -298. Suppose 55 = 2*m - 3*h, -k*m + 2*h + 80 = 6*h. Calculate the greatest common factor of m and 260.
20
Let d be 126/273 + -1*(-618)/13. Calculate the greatest common factor of d and 14000.
16
Let p(d) = 6*d**2 + 9*d + 3. Let z be p(-11). Suppose 3*f + 336 - z = 0. Calculate the highest common factor of 294 and f.
98
Suppose -87*i - 28080 = -222*i. What is the highest common factor of 1534 and i?
26
Suppose 0 = -89*g + 524 + 27244. What is the highest common divisor of g and 10088?
104
Let m(p) = 151*p + 1560. Let x be m(14). What is the greatest common factor of 22 and x?
22
Suppose 185 + 199 = 24*a. Suppose 0 = a*j - 20*j + 340. Suppose d = -3*q + 55, 0 = -q + 4*d + d - 3. Calculate the highest common factor of q and j.
17
Let s = 32 + -15. Suppose -3*w = 5*f - 260, -s*f = -22*f - 5*w + 260. Calculate the highest common divisor of f and 4.
4
Let n(m) = m**3 - 5*m**2 - 14*m + 20. Let f be n(7). Suppose 3*d + u - 494 = 528, 3*d = 2*u + 1016. What is the highest common divisor of f and d?
20
Suppose 7*o = 2*o + 15. Let i be -1*1/2*50/5. Let r(d) = d**3 + 6*d**2 + 4*d - 2. Let v be r(i). What is the highest common divisor of v and o?
3
Suppose -5*a = -1357 + 157. What is the greatest common factor of a and 304?
16
Suppose 0 = -340*y + 182*y + 29862. Calculate the greatest common factor of y and 2511.
27
Let f = 123 + -105. Suppose 0 = -k - 8*k + f. What is the highest common divisor of k and 6?
2
Suppose 74 = 2*i - 5*u, -i + 19*u = 16*u - 40. Calculate the greatest common factor of i and 869.
11
Let p be (208/(-5))/((-6)/15). What is the highest common divisor of 3328 and p?
104
Let f = 21863 + -10096. Calculate the greatest common factor of 7 and f.
7
Suppose -b + 3*o = -178, 1156*b - 5*o - 355 = 1154*b. What is the greatest common divisor of b and 1475?
25
Suppose 4*f = 5*p + 38, -4*p - 36 = 4*f - 8*f. Let k = 1274 - 1162. Calculate the highest common divisor of f and k.
7
Let d be 1/((-4)/3) - 9/(-12). Let b be 140 + d/(-9)*(-1)/(-2). What is the greatest common divisor of b and 40?
20
Let a(c) = -c**3 + 9*c**2 + 7*c + 34. Let i be a(10). Suppose 5*h = -5*l + 42 + 143, -h + 133 = i*l. What is the highest common factor of 560 and l?
16
Let f(b) be the first derivative of 3*b**4/4 - 2*b**3 + b**2 - 4*b + 11. Let y be f(4). Let w = y - 98. Calculate the greatest common divisor of w and 2.
2
Let w be (-4)/28 - 2402/(-7). What is the greatest common divisor of w and 245?
49
Let c(u) = 104*u**2 + 824*u - 1. Let j be c(-8). What is the greatest common divisor of 234 and j?
9
Let c be 345/9 + (-4)/(-6). Let q(j) = -7*j - 223. Let h be q(-33). Suppose -7 = h*r - c. What is the greatest common divisor of 10 and r?
2
Let h = 325 + -385. Let a = 149 - h. Calculate the highest common factor o